 factors of 1307548.
2, 11, 29717
List the prime factors of 880620.
2, 3, 5, 13, 1129
What are the prime factors of 4536342?
2, 3, 151, 1669
What are the prime factors of 6893?
61, 113
List the prime factors of 5087593.
7, 239, 3041
What are the prime factors of 185880?
2, 3, 5, 1549
List the prime factors of 1787327.
457, 3911
List the prime factors of 3457272.
2, 3, 7, 13, 1583
List the prime factors of 2490628.
2, 7, 88951
What are the prime factors of 3425851?
11, 13, 23957
What are the prime factors of 13844578?
2, 11, 19, 3011
What are the prime factors of 619777?
271, 2287
List the prime factors of 2190128.
2, 136883
What are the prime factors of 20403667?
911, 22397
List the prime factors of 706958.
2, 7, 50497
What are the prime factors of 14736849?
3, 4912283
What are the prime factors of 23140938?
2, 3, 3856823
List the prime factors of 38971.
38971
What are the prime factors of 2209215?
3, 5, 31, 4751
List the prime factors of 187509.
3, 7, 8929
List the prime factors of 2429725.
5, 17, 5717
List the prime factors of 300592.
2, 18787
What are the prime factors of 3183358?
2, 367, 4337
List the prime factors of 4514720.
2, 5, 7, 29, 139
What are the prime factors of 807351?
3, 269117
List the prime factors of 5472593.
7, 781799
What are the prime factors of 431055?
3, 5, 31, 103
List the prime factors of 189708.
2, 3, 15809
What are the prime factors of 12508?
2, 53, 59
What are the prime factors of 91415?
5, 47, 389
List the prime factors of 887298.
2, 3, 17, 8699
List the prime factors of 564265.
5, 13, 8681
What are the prime factors of 187772?
2, 13, 23, 157
What are the prime factors of 3715158?
2, 3, 503, 1231
List the prime factors of 4533888.
2, 3, 11807
List the prime factors of 3280963.
7, 468709
What are the prime factors of 622407?
3, 207469
What are the prime factors of 103100?
2, 5, 1031
List the prime factors of 182740.
2, 5, 9137
List the prime factors of 1024757.
1024757
List the prime factors of 1941148.
2, 11, 157, 281
What are the prime factors of 21160080?
2, 3, 5, 29389
List the prime factors of 1437134.
2, 113, 6359
List the prime factors of 255451.
7, 36493
What are the prime factors of 484705?
5, 13, 7457
What are the prime factors of 532171?
19, 37, 757
List the prime factors of 209201.
209201
What are the prime factors of 686834?
2, 17, 20201
List the prime factors of 766215.
3, 5, 17027
List the prime factors of 642713.
19, 33827
List the prime factors of 2814351.
3, 938117
List the prime factors of 1909725.
3, 5, 25463
What are the prime factors of 4408?
2, 19, 29
What are the prime factors of 8682362?
2, 13, 23, 14519
List the prime factors of 13291972.
2, 89, 37337
List the prime factors of 4785264.
2, 3, 11, 19, 53
List the prime factors of 949172.
2, 7, 109, 311
What are the prime factors of 2138652?
2, 3, 59407
List the prime factors of 1983997.
1983997
List the prime factors of 890532.
2, 3, 29, 853
List the prime factors of 378665.
5, 7, 31, 349
What are the prime factors of 15357857?
3793, 4049
List the prime factors of 323129.
311, 1039
List the prime factors of 863618.
2, 7, 61687
What are the prime factors of 1709601?
3, 19, 89, 337
What are the prime factors of 825581?
37, 53, 421
List the prime factors of 94671.
3, 67, 157
List the prime factors of 189998.
2, 94999
List the prime factors of 964184.
2, 13, 73, 127
What are the prime factors of 99306?
2, 3, 613
What are the prime factors of 457366?
2, 7, 13, 359
List the prime factors of 8863011.
3, 41, 24019
What are the prime factors of 17304264?
2, 3, 149, 1613
List the prime factors of 251770.
2, 5, 17, 1481
List the prime factors of 6086198.
2, 283, 10753
List the prime factors of 2573096.
2, 181, 1777
What are the prime factors of 27106?
2, 13553
What are the prime factors of 1184662?
2, 17, 34843
List the prime factors of 458778.
2, 3, 76463
List the prime factors of 6991283.
13, 53, 73, 139
List the prime factors of 197475.
3, 5, 2633
List the prime factors of 450459.
3, 50051
What are the prime factors of 607621?
7, 61, 1423
List the prime factors of 891832.
2, 41, 2719
List the prime factors of 1770542.
2, 67, 73, 181
What are the prime factors of 7386184?
2, 13, 29, 31, 79
What are the prime factors of 2353217?
2353217
What are the prime factors of 2124009?
3, 97, 811
List the prime factors of 171112.
2, 73, 293
List the prime factors of 3000962.
2, 1213, 1237
What are the prime factors of 1878589?
71, 26459
What are the prime factors of 3498315?
3, 5, 233221
List the prime factors of 8645315.
5, 7, 71
What are the prime factors of 4929407?
7, 47, 14983
What are the prime factors of 1837743?
3, 41, 67, 223
List the prime factors of 67913.
113, 601
List the prime factors of 1845609.
3, 269, 2287
List the prime factors of 2588649.
3, 7, 123269
What are the prime factors of 8927684?
2, 487, 4583
List the prime factors of 139038.
2, 3, 23173
What are the prime factors of 260212?
2, 65053
What are the prime factors of 3197093?
43, 149, 499
List the prime factors of 6519757.
6519757
List the prime factors of 697828.
2, 174457
List the prime factors of 418914.
2, 3, 17, 37
What are the prime factors of 21539791?
7, 13, 236701
What are the prime factors of 3740934?
2, 3, 107, 5827
What are the prime factors of 1902332?
2, 475583
List the prime factors of 8440168.
2, 11, 95911
List the prime factors of 960797.
349, 2753
List the prime factors of 351866.
2, 17, 79, 131
What are the prime factors of 370408?
2, 46301
List the prime factors of 7500311.
7, 13, 82421
List the prime factors of 10644212.
2, 1129, 2357
List the prime factors of 8546158.
2, 4273079
What are the prime factors of 20851?
29, 719
What are the prime factors of 238866?
2, 3, 41, 971
List the prime factors of 204450.
2, 3, 5, 29, 47
What are the prime factors of 5442762?
2, 3, 13, 69779
List the prime factors of 763043.
763043
What are the prime factors of 12155579?
12155579
What are the prime factors of 25104655?
5, 593, 8467
List the prime factors of 157843.
7, 22549
What are the prime factors of 2137405?
5, 19, 149, 151
What are the prime factors of 1829889?
3, 203321
List the prime factors of 200320.
2, 5, 313
What are the prime factors of 1135077?
3, 71, 73
List the prime factors of 3721207.
7, 19, 571
List the prime factors of 2029052.
2, 17, 53, 563
List the prime factors of 325725.
3, 5, 43, 101
What are the prime factors of 254715?
3, 5, 16981
What are the prime factors of 554832?
2, 3, 3853
List the prime factors of 747203.
747203
List the prime factors of 1319084.
2, 13, 25367
What are the prime factors of 324728?
2, 40591
What are the prime factors of 404671?
404671
List the prime factors of 10599165.
3, 5, 235537
What are the prime factors of 9353?
47, 199
What are the prime factors of 99079?
99079
What are the prime factors of 11524871?
37, 67, 4649
What are the prime factors of 2199931?
2199931
What are the prime factors of 13035449?
7, 241, 7727
What are the prime factors of 1746175?
5, 69847
List the prime factors of 1328533.
17, 4597
List the prime factors of 7353064.
2, 137, 6709
List the prime factors of 7615615.
5, 7, 31, 7019
What are the prime factors of 290352?
2, 3, 23, 263
List the prime factors of 5550756.
2, 3, 61, 7583
What are the prime factors of 267871?
31, 8641
List the prime factors of 14093464.
2, 7, 11, 137, 167
What are the prime factors of 1170249?
3, 390083
What are the prime factors of 571689?
3, 63521
What are the prime factors of 584547?
3, 271, 719
What are the prime factors of 11685202?
2, 29, 31, 67, 97
List the prime factors of 584512.
2, 9133
What are the prime factors of 31920293?
31920293
List the prime factors of 17086465.
5, 11, 310663
What are the prime factors of 2003441?
11, 182131
What are the prime factors of 135074?
2, 67537
What are the prime factors of 303619?
303619
List the prime factors of 11998.
2, 7, 857
List the prime factors of 2069576.
2, 258697
What are the prime factors of 3704638?
2, 7, 71, 3727
What are the prime factors of 8526950?
2, 5, 170539
List the prime factors of 2307397.
2307397
List the prime factors of 34289.
17, 2017
What are the prime factors of 4062635?
5, 812527
What are the prime factors of 2292975?
3, 5, 43, 79
What are the prime factors of 80313?
3, 19, 1409
What are the prime facto